*n**2 - 3*n + 6. Let d(o) = 5*r(o) + u(o). Calculate d(-2).
-3
Let c(y) = y. Suppose -4*d + 4 = 5*u - 8, 15 = 3*u + 5*d. Suppose u = f + 2*f. Give c(f).
0
Suppose -2*z = -3*k + 12 + 28, 5*z + 3*k + 142 = 0. Let a = z + 32. Let u(d) = d - 2. What is u(a)?
4
Let k be (54/36)/(3/2). Let a be 4*(-3)/(-4)*1. Let q(n) = a*n**2 - 1 + 3*n**2 + 3*n - n. Give q(k).
7
Let p(g) = -4*g**3 + g**2 - 1. Let r be p(-1). Let s be 2/(r/6) + -4. Let n(b) = -2*b**2 - b. Calculate n(s).
-1
Suppose 0*a + 14 = 2*a. Let m = -4 + a. Let r(f) = -f - 2. Let c(u) = 2*u + 5. Let q(i) = -3*c(i) - 7*r(i). Calculate q(m).
2
Let i(v) = v**3 + v**2 - 3*v + 3. Suppose -5*c = -7 + 22. Determine i(c).
-6
Let z(u) = -4*u + 2. Let o be (-3)/(-6)*-2 - -1. Suppose o = -0*w + 2*w - 4. Determine z(w).
-6
Let w(z) = -z**2 - 5*z - 5. Let k be w(-4). Let l be 4/(-8)*(k + -7). Let s(r) = -r + 4. Determine s(l).
0
Let b(r) be the second derivative of r**5/4 - 5*r**4/6 + 7*r**3/6 - r**2/2 + 8*r. Let d(o) = -o**3 + o**2 - o - 1. Let p(y) = -b(y) - 6*d(y). Calculate p(-5).
-13
Suppose -3*c + 50 = 2*c. Suppose 3*h - 1 = -c. Let j(s) be the first derivative of s**3/3 + 3*s**2 + 2*s + 2. Determine j(h).
-7
Let y(h) = -h. Let i be (4/3 - 1)*9. Calculate y(i).
-3
Let r(q) = q + 0*q - 2 + 1 - 2. Suppose 3*v - 2*b = 91, -2*b + 1 = -b. Suppose 5*p + 7 = 3*h, -5*h - 2*p - 9 = -v. What is r(h)?
1
Let q(n) = -n**3 - 3*n**2 - n + 4. Let t(v) = v**2 - 14*v - 18. Let i be t(15). Calculate q(i).
7
Let j(q) = -q**2 - 9*q + 14. Let b be j(-10). Let s(d) = d**3 - 4*d**2 + d - 3. Determine s(b).
1
Suppose 2*n - 4 = -2*g - 0*n, -4 = -2*g - n. Let x be (1 - 2)*-3*g. Let c = -5 + x. Let a(j) = -j**3 - 2*j**2 + 1. Determine a(c).
-2
Let v = -1 - -1. Suppose 3*o = 3*a - v*o + 6, -4*o = 2*a - 20. Let l(x) = 2*x + 2 - 2*x**3 - x**a + x**3 + 2*x. Give l(-3).
8
Let a(t) = -2 + 2*t**3 + t - 3*t**3 + 0*t. Let n be a(-2). Let v(y) = 2 - 2*y + 2*y**2 + 3*y - 3*y**2. What is v(n)?
-10
Let v be (-3 + 2/1)*-1. Let s(o) be the third derivative of o**5/10 - o**4/12 + o**3/6 + 2*o**2. Determine s(v).
5
Let p be 2 - ((-2)/1 - -2). Suppose -4*r = 4*a - 20, -4*r + 10 + 4 = p*a. Let i(z) = 3*z - a*z**2 + 3*z**2 + 3 - z**2. Calculate i(3).
3
Let n(l) be the second derivative of 1/12*l**4 - l - 2*l**2 - l**3 + 0. Determine n(5).
-9
Let i(j) = j**2 + 8*j - 7. Let c be i(-9). Let t(p) = 3 + 1 - 1 - p**3 - 5*p**2 - c*p. What is t(-3)?
-9
Let r(n) be the second derivative of n**4/12 + n**3 - 2*n**2 - 2*n. Let o(v) be the first derivative of r(v). Give o(-6).
-6
Suppose -10*v - 7 = -57. Let u(q) = -q**2 + 2*q + 5. Determine u(v).
-10
Let s(h) = 2*h - 3 + 0*h**3 + h**3 + 8 - 3*h. Let j(b) = -b**3 + 5*b**2 + b - 5. Let m be 3/(-2)*(-10)/3. Let y be j(m). Calculate s(y).
5
Let k(n) = 1. Let x(d) = -d + 8. Let o(u) = -k(u) + x(u). Determine o(5).
2
Let z(a) = -10*a**3 + 10*a**2 + a + 6. Let x(b) = -3*b**3 + 3*b**2 + 2. Let k(s) = -7*x(s) + 2*z(s). What is k(2)?
6
Let t(u) be the first derivative of 4*u**3/3 - u - 4. Let w(b) = 5*b**2 - b - 2. Let l(h) = -3*t(h) + 2*w(h). What is l(-1)?
-1
Suppose 1 = -2*w + 5. Let i(u) = w*u + 2*u + u - 3 - 4*u. Determine i(7).
4
Let g(h) = 2*h + 4. Suppose 5*p - 4*x + 5 = 0, -2*x + 0*x + 4 = -4*p. Let i = p + 1. Let u be (i - 3)/(2 - 1). Determine g(u).
-2
Let p be -5*1/1 - -1. Let b(o) be the third derivative of 1/12*o**5 + o**2 + 2/3*o**3 + 0 + 0*o + 1/120*o**6 + 1/4*o**4. Determine b(p).
-4
Let z = 10 - 7. Let j(r) = -2 + r - z*r + 7 + 4*r. Determine j(-4).
-3
Suppose -19*i + 32 = -11*i. Let x(v) = v**2 - 4*v. Calculate x(i).
0
Let f(s) be the second derivative of -s + s**2 + 0 - 1/12*s**4 + 1/3*s**3. Let o = 3 + 0. What is f(o)?
-1
Let h(s) = -5*s + 1. Let j(z) = 5*z - 1. Let n(b) = 5*h(b) + 4*j(b). Give n(1).
-4
Let u(v) = -v**3 - 2*v**2 - v - 1. Suppose -n + 3 = -0. Let d = -16 + 22. Suppose n*m - 5*m = 2*t + 14, -2*m + 2*t + d = 0. Calculate u(m).
1
Let z be ((-7)/(14/12))/(-1). Let f be (-3)/z*-4 + 1. Let a(y) = f*y - 5*y - 3 - 3 + 4 - y**2. Calculate a(-2).
-2
Let y be 3 - ((3 - -2) + -1). Let h = 2 - -3. Let f(b) = 0 + 4 - b**2 - h - b + 3*b**3. Determine f(y).
-4
Let c(q) = 0*q**2 - q**2 + 0 + 1. What is c(0)?
1
Let n = 17 - 18. Let x(b) be the second derivative of 1/2*b**4 + 0*b**2 + 0 + 1/6*b**3 - b. Give x(n).
5
Let m(l) = -l**2 - l + 1. Let w(n) = n**3 - 6*n**2 - 8*n + 6. Suppose 1 = 4*q - 3*q. Let b(c) = q*w(c) - 5*m(c). Calculate b(2).
-1
Let d = 0 - 0. Let n(k) be the second derivative of 0 + 1/12*k**4 - 9/2*k**2 + 0*k**3 - 4*k. Determine n(d).
-9
Let h(u) = 11*u**2 + 4*u - 8. Let o(s) = -6*s**2 - 2*s + 4. Let y(t) = -4*h(t) - 7*o(t). Suppose 4*b + 1 + 11 = 0. Give y(b).
-8
Let k(z) = 4*z + 1. Let c be 18*2/3*1. Suppose 0 = -3*w - 0*w + c. Suppose -1 + 12 = g - 3*x, 5*g = -w*x - 21. What is k(g)?
-3
Let t(u) be the second derivative of -u**6/720 - u**5/40 - 5*u**4/12 + 2*u. Let q(m) be the third derivative of t(m). Determine q(5).
-8
Suppose -3*a - 25 = 2*a. Let u(w) = -w**2 - 4*w + 3. Calculate u(a).
-2
Let d(z) = -3*z - 11. Let m(u) = -u - 5. Suppose -4*s = -46 + 10. Let l(v) = s*m(v) - 4*d(v). Determine l(4).
11
Suppose 0 = -14*v + 9*v - 30. Let b(j) = -4*j**2 - j - 7. Let g(m) = -5*m**2 - 2*m - 7. Let o(a) = -6*b(a) + 5*g(a). Calculate o(v).
-5
Let y(f) = f + 9 + 0*f - 11. Give y(3).
1
Let h(r) = -3*r**2 + r. Suppose 0 = 5*u - 28 - 2. Suppose 4*d + u = -2, 3*o - 9 = -3*d. Suppose 3*s - 2 = o*s. Give h(s).
-4
Let v(p) be the second derivative of -p**3/6 + p**2 + 2*p. Let j = 9 - 5. Suppose -2 = -o + j. Calculate v(o).
-4
Let c(j) = -j - 8. Let l be c(-8). Let n(u) = -6*u + l*u**2 - 4 - u**2 + 2*u. Let m be 13/(-5) - 10/25. What is n(m)?
-1
Let i(o) = -o**3 - 5*o**2 - 4*o + 2. Let v be (0 + 1)/1*3. Suppose -2*g - 2*z = z + 17, 3*g - v = 5*z. What is i(g)?
2
Let s(l) = l**2 + 8*l + 4. Let h(n) = 4 + 0 + 10 + 3*n. Let q be h(-6). Determine s(q).
-12
Let s(y) = -y**3 - 4*y**2 + 2. Let u(w) be the third derivative of -w**4/24 - w**3/6 + 3*w**2. Let b be u(1). Calculate s(b).
-6
Suppose 0*z + 3*z + 12 = 0. Let n(m) = m + 4. What is n(z)?
0
Let r(y) be the second derivative of y**5/20 + y**4/2 + 7*y**3/6 + 5*y**2/2 - 19*y. Calculate r(-4).
9
Let f(p) be the first derivative of p**4/4 + 5*p**3/3 - 4*p**2 - 9*p + 1. Let h be f(-6). Let m(a) = 7*a + a**3 - 2 - 7*a - h*a**2. Give m(3).
-2
Let x be 4/(4/(-3)) + 2. Let y(f) = 1 - 4*f - 4*f + 2*f. Determine y(x).
7
Let y(r) = -r. Let c(s) = -2*s + 5. Let h(d) = c(d) + y(d). Calculate h(4).
-7
Let c(y) be the second derivative of -y**4/12 + 7*y**3/6 - 3*y**2 - 5*y. What is c(6)?
0
Let r(i) = 2 + 0 + i + 1 - 7. Let u = -55 - -78. Suppose -3*s - u = -5*m, -3*m + 15 = s - 4*s. What is r(m)?
0
Let o(f) be the first derivative of f**3/3 + 9*f**2/2 + 3*f + 47. Calculate o(-8).
-5
Let p(t) be the second derivative of t**4/12 - t**3 + t**2 - 2*t. Determine p(5).
-3
Let u(m) = -2*m - 7. Let g be u(-5). Let c(r) = 2*r - 5*r + 3*r**2 - r**3 + 7*r - 4. What is c(g)?
8
Let w(i) = -2*i. Suppose -5*n = o - 14, -5*n + 9 = -2*n. What is w(o)?
2
Let b(q) = 2*q + 4. Suppose 5*i - 8 = 7*i. What is b(i)?
-4
Let n(t) be the third derivative of 5*t**4/24 - t**3/2 + 8*t**2. Give n(2).
7
Let y(o) be the second derivative of -o**5/20 - 5*o**4/12 - o**3/2 + 2*o**2 - 17*o. What is y(-3)?
-5
Let s(h) = -215 + 109 - 3*h + 105. Let j be 3/(-9) - (-2)/6. Suppose 2*m + 9 = -0*m - f, -f - 1 = j. Determine s(m).
11
Let u(f) be the first derivative of -f**3/3 + 2. Let l = 2 - 0. Suppose l*n = -2*n - 4. Determine u(n).
-1
Let r(i) = 4*i + 8 + i**2 - 4*i - 4 - 6*i. Give r(5).
-1
Suppose -y - 5 = 5*t - 18, -17 = -3*t + 4*y. Let n(h) = -9*h - 2. Let v(b) = 0 + 4*b + 3 - 2. Let m(a) = 3*n(a) + 7*v(a). Calculate m(t).
4
Let m be (-70)/22 + (-2)/(-11). Let o(z) = z**2 + 3*z. Let f be o(m). Let b(r) = r**3 - r**2 - r + 7. Give b(f).
7
Let m(v) = -2*v - 5. Let c(s) = -1. Let z(y) = -2*c(y) - m(y). Calculate z(-8).
-9
Let w(h) = h - 7. Let p be w(7). Let t(l) be the third derivative of p*l - l**2 - 1/2*l**3 - 1/24*l**4 + 0. Give t(3).
-6
Suppose -2*s + 2 + 2 = 0. Suppose 2 = -s*x - 4. Let m(v) = v**3 + 3*v**2 - v + 4. What is m(x)?
7
Suppose -2*b + 6 = z - 4, 3 = 3*z - 3*b. Suppose -4*y + 4 = -z. Suppose -r - 1 = -y*r. Let a(p) = p - 1. What is a(r)?
0
Let m(r) be the second derivative of -r**5/2